Let o(c) = -2*c**2 + 9*c - 11. Let k be o(4). Let t(w) be the third derivative of -w**5/30 - 11*w**4/24 - 5*w**3/6 - 245*w**2. Determine t(k).
-26
Suppose 5*u = t + 251 - 241, -4*u + 12 = 0. Let a(r) = r**2 - 7*r + 6. Give a(t).
-4
Let g(k) = 13548*k**2 - 6765*k**2 - 6853*k**2 + 67*k + 37 + 2*k**3. Determine g(34).
3
Let m be ((-44)/(-8))/(99/144). Let a(y) = y**2 - 17*y + 52. Give a(m).
-20
Let m(n) be the first derivative of 2*n**3/3 - 45*n**2/2 - 71*n + 1058. Give m(24).
1
Let z be (-14)/(-140) + (3 - (-22917)/30). Let y(s) = -765*s + 9 + 1533*s - z*s. What is y(-5)?
4
Let z(h) = h + 1. Suppose -13*g = -18*g + 15. Suppose -g*m + 4 = 5*f - 34, 0 = -3*m - f + 22. Let p(o) = -1. Let s(y) = m*p(y) - 2*z(y). Determine s(-6).
4
Let j(w) = -w. Let u(x) = 4*x - 2. Let h(p) = 3*j(p) + u(p). Let d = 819 + -813. Let s be d/(-4)*(102/(-9) + 4). Calculate h(s).
9
Let l(c) be the second derivative of c**6/360 - c**5/60 - c**4/12 + 49*c**3/6 - 15*c - 3. Let w(d) be the second derivative of l(d). Give w(3).
1
Let o(t) = t + 45. Let c(z) = -11*z - 214. Let d(w) = c(w) + 4*o(w). What is d(-9)?
29
Let l(s) = 11*s**2 - 9*s + 4. Let t(h) = 3*h + 3*h - 13*h**2 + 2*h + 5*h - 3*h - 4. Let r(p) = 6*l(p) + 5*t(p). Calculate r(4).
4
Let y(p) = 5*p - 5. Suppose -3*t = -4*m - 53, m + 12 = 3*t - t. Suppose 2*g + 10 + 54 = 3*f, 7*g = -3*f - 170. Let l be m/(-49) + g/(-7). What is y(l)?
15
Let b(j) = 2*j**2 + 4*j + 2. Let q be b(-2). Let t be 39/12 - 22/88. Let g(n) = 2 - 16*n**2 + 4*n - t + 17*n**q. What is g(-3)?
-4
Let z(y) = -3 - 6*y**3 - 3*y**3 - 1 + 3. Let b(q) = -q**2 + 13*q + 5. Let x be b(8). Let m be (-8)/10 - 9/x. Determine z(m).
8
Suppose 0 = 5*z + 2*h + 5, 2*z + 0*z - 3*h = -21. Let i = -4 - z. Let j(o) be the first derivative of -2*o**3 + 5149. What is j(i)?
-6
Let l(a) = -a**2 + 17*a + 28. Let u be ((-3952)/(-2184))/(4/42). Give l(u).
-10
Let p(x) = x**2 - x + 3. Let m = 195 + -194. Let b = m + -4. Calculate p(b).
15
Let u be ((-26)/(-5) - 10) + (9/(-15))/3. Let p(o) = o**3 + 4*o**2 + 25. Give p(u).
0
Let i(q) = -1. Let r be (-4)/10 - 54/15. Let g(v) = v - 8. Let t(l) = r*i(l) + g(l). Let m = -763 + 763. Determine t(m).
-4
Let q = -8 - -13. Let z be ((-70)/(-28))/(q/4). Let k(u) = 2*u**3 - 4*u**2 + 2*u. Calculate k(z).
4
Let z(b) be the third derivative of 7*b**5/12 + 5*b**4/24 + 2*b**3/3 + 4024*b**2. Calculate z(-1).
34
Let s(a) = -a**3 - a**2 - 35*a - 14. Let i be s(-7). Let d = i + -517. Let t(w) = -w**2 + 8*w + 11. Determine t(d).
11
Let j(h) be the second derivative of -h**4/6 + 19*h**3/6 - 5*h**2/2 - 4910*h. Give j(8).
19
Suppose 23*s = -32*s - 55. Let b(l) = 17*l + 11. Let c(y) = 9*y + 5. Let f(r) = 6*b(r) - 13*c(r). Calculate f(s).
16
Let f(x) = -9 - 31*x - 8*x - 23*x + 28 + 89*x. Give f(-2).
-35
Suppose -23*g + 26*g = 6. Let m(r) = 35*r**2 + 29*r**g - 54*r**2 + 0*r**3 - 8*r - r**3 + 6. Determine m(9).
15
Let r(h) = 2*h - 5. Suppose -4 = -o - 4*y, -o = -6*o - 5*y - 10. Let n(z) = 1. Let s(w) = o*n(w) + r(w). Determine s(10).
11
Let w(j) = -j**2 + 18*j - 59. Suppose -y = 6*o - 2*o - 17, 2*o - 2 = 0. Give w(y).
6
Let a(s) be the first derivative of 29*s**3/3 + s**2/2 - 2*s - 1072. Determine a(1).
28
Let q(v) = -v**3 + 3*v**2 + 4*v - 1. Let o be q(3). Suppose 2 = m, -y - 2*m = 2*m - o. Suppose 2*p = p - 3*z + y, -p = 4*z - 7. Let r(d) = d + 6. Give r(p).
-3
Let o(v) = 4*v - 8. Let i be (23/(-3))/(6/126). Let z = i + 167. Determine o(z).
16
Let g be (-88)/792 - (-62)/(-9). Let l(z) be the third derivative of z**4/24 + 7*z**3/6 + 2*z**2. Determine l(g).
0
Let f(d) = -d - 7. Let g(j) = 6*j + 12*j**2 - 47 - 14*j**2 + 3*j**2. Let n be g(4). Calculate f(n).
0
Let w(y) = -5*y - 1. Let t = -54 - -55. Let d be w(t). Let q be (-3*2)/(12/d). Let z(x) = -2*x - 2. What is z(q)?
-8
Let i = -7733 + 7735. Let s(c) be the first derivative of 1/2*c**i + 25 + 4*c. What is s(-8)?
-4
Let i(o) = 55*o - 158*o + 19*o - 1 + 42*o + 51*o. Suppose -2*t = -5*g - 0*g + 4, 0 = -5*t + 15. Let a = g + -3. Give i(a).
-10
Suppose 2*u - 34 + 28 = 0. Let i(b) = -14*b + 12*b + 3*b - u. What is i(6)?
3
Let g(a) be the third derivative of -a**5/120 + a**4/6 - 7*a**3 - 59*a**2. Let u(m) be the first derivative of g(m). Determine u(10).
-6
Let n(j) = -j + 1. Let v be n(2). Let y(l) be the third derivative of -1/24*l**4 - 3*l**2 + 0 - 4*l - 1/3*l**3. Calculate y(v).
-1
Let f(b) = -b**2 - 20*b + 4. Let x be f(-20). Let l(g) = -g + 17 + 19 + g**3 - x*g**2 - 35 - 2*g**3. Suppose -2 - 1 = z. Determine l(z).
-5
Let r(z) be the third derivative of -z**4/24 + z**3 + 48*z**2 - 4*z. Let s = -5 + 19. Let u be 1 - s/(4 - 2). Calculate r(u).
12
Let j(f) = -4*f - 2. Let o(c) = -c**3 + 5*c**2 - 3*c - 2. Suppose -d + 14 = 8. Suppose -3*l + 13 = 4*a, -3*a + d*l = 3*l - 15. Let i be o(a). What is j(i)?
-10
Let s be 17 + -20 - 6/(-2). Let g be ((7 + -19)/(-2))/(-1 + s). Let d be 6*g/45*5/2. Let p(w) = -2*w**2 - 4*w - 3. Calculate p(d).
-3
Suppose 41*x + 5*x - 88 = 2*x. Let q(y) = 11 - y + 0*y - 4*y + 4*y**2. Let h(m) = 3*m**2 - 6*m + 9. Let s(p) = x*q(p) - 3*h(p). Determine s(5).
10
Let z = -2454 + 2460. Let y(p) = -4*p**2 + 25*p - 8. Calculate y(z).
-2
Let b(m) = 83*m**2 - 6*m - 6. Let u be b(-1). Let f(g) = 2 - 7 + 82*g - u*g. Give f(0).
-5
Let g(h) = -7 + 13 + 2371*h**2 - 2370*h**2 + 8. What is g(7)?
63
Let x(y) = -y**3 - 6*y**2 + 3*y + 34. Let h = 3159 - 3164. Determine x(h).
-6
Suppose -5*d = -2*v - 8, 5*v - 2*v = -3*d + 30. Let z(q) = -q**2 - 3*q + 6. Give z(v).
-48
Let c(y) be the third derivative of -y**4/12 - 11*y**3/6 + 2*y**2. Suppose 18240*s - 120 = 18255*s. Calculate c(s).
5
Suppose -24 = -10*i - 2*i. Let j(q) = 6*q - 9*q**2 + i*q**3 - 12*q + 12*q + 2*q**3. Let h(c) = 7*c**3 - 17*c**2 + 12*c. Let d(w) = 3*h(w) - 5*j(w). Give d(4).
-8
Suppose 4*g - 12*g + 2288 = 0. Let z = 282 - g. Let d(j) = -2*j + 5. Determine d(z).
13
Let v = 43 - 49. Let l(r) = 5*r**2 - 8*r - 8. Let y(z) = -4*z**2 + 8*z + 8. Let w(t) = v*y(t) - 5*l(t). Let i(p) = -p**2 + 2*p + 40. Let n be i(-6). Give w(n).
-8
Let f(p) = -4*p + 52. Let g be f(13). Let j(h) = 21*h**2 - 10*h**2 + 5 + h - 12*h**2 + g. Calculate j(0).
5
Let k(u) = u + 3. Let x be (-6)/10 - 15168/(-80). Let o be (-2)/((-6)/x) - (-1)/1. Let f = -70 + o. Calculate k(f).
-3
Suppose 6*p = p - 25, -2*s - 2*p + 8 = 0. Let k(w) = -2*w - 10*w**2 + 4 + s*w + 11*w**2. Determine k(-4).
-8
Let m be 19/190 + (-9)/(-10). Let x(w) = -11*w**3 + 2*w**2 + w - 2. Give x(m).
-10
Let i be 2/(-5) - (7 + 423/(-45)). Let o(n) = -n**3 + 4 + 11*n**3 - 8*n**3 - 2*n + 0*n**2 - 3*n**i + 0*n**3. Let s be (2/(-6))/(3/(-27)). Determine o(s).
25
Let y(j) = 22*j - 258. Suppose x = -2*v + 14, x - 2*v + 57 = 67. What is y(x)?
6
Let h(w) = -w**2 + 7. Let k be -1*(-2)/(-20) + 37740/3400. Suppose -k*j = -12*j. Give h(j).
7
Let h(f) be the first derivative of -f**3/3 + 3*f**2 + 3*f - 480. Give h(6).
3
Let p(d) = 3*d - d + 3*d - 5 - 9*d. Let c(q) be the third derivative of q**4/8 + 5*q**3/6 - 14*q**2 - 2. Let b(x) = 5*c(x) + 4*p(x). Calculate b(4).
1
Let q(l) = -2*l**2 - 10*l - 20. Let r(t) = 2*t**2 + 10*t + 22. Let j(h) = 6*q(h) + 5*r(h). What is j(-6)?
-22
Let o(y) be the third derivative of 23*y**5/60 - y**3/6 + y**2. Suppose 57*p - 6423 = -6366. What is o(p)?
22
Let b = 542 + -287. Suppose 5*n = b - 270. Let x(t) = t**2 + t + 2. Give x(n).
8
Let g(m) be the second derivative of 4*m**3/3 + m**2/2 - 8*m + 286. Let u be -1*-3*2/(-6). Determine g(u).
-7
Suppose 2*n = -m + 35, 23 = -9*n + 11*n - 3*m. Let a be n/(-28) + (-137)/(-7). Let o(b) = 20*b**2 + 0*b - a*b**2 - b + 5*b. Determine o(-2).
-4
Let w = 50 - -9. Let o = 67 - w. Let y(n) be the first derivative of -n**3/3 + 5*n**2 - 11*n + 5. Calculate y(o).
5
Let c(a) = -1 - 2*a + 4*a + 2*a**3 - 2*a**2 - 3*a**3. Suppose 5*l = -15, -4*l - l = 3*h + 9. Suppose 12 = -8*g + h*g. Determine c(g).
-5
Let j be 4/(-11 - -3)*(-3 - -3)/(-2). Let y(v) = 2*v**2 + v + 37. Calculate y(j).
37
Let z(t) = 2*t - 24. Let c(a) = a**3 + 91*a - 177. Let p be c(2). Determine z(p).
2
Let y(x) = 15 - 2*x - 3 + 15. Let g = -229373 - -229387. What is y(g)?
-1
Let z(r) = 12*r**3 - 30*r**2 - 12*r + 2. Let k be z(3). Let j(l) = -l**2 + 16*l + 85. Give j(k).
5
Suppose 3*c + 4 = -3*a - 32, 4*a - 5*c = -12. Let o(v) = -2*v**2 - 21*v - 13. Give o(a).
27
Let s be (-4 + 5)/((-16)/(-14) - 1)